{"id":13,"date":"2020-07-02T03:36:25","date_gmt":"2020-07-02T08:36:25","guid":{"rendered":"https:\/\/www.ciarobotics.com\/store\/?post_type=product&#038;p=13"},"modified":"2026-01-13T23:46:56","modified_gmt":"2026-01-14T05:46:56","slug":"ups-mge-comet-120kva","status":"publish","type":"product","link":"https:\/\/www.ciarobotics.com\/store\/index.php\/producto\/ups-mge-comet-120kva\/","title":{"rendered":"UPS MGE COMET 120KVA"},"content":{"rendered":"<p>UPS marca MGE modelo COMET 120KVA<\/p>\n<p>Voltaje de entrada\/salida: 480\/480.<\/p>\n<p>Trif\u00e1sico, incluye gabinete de bater\u00edas (sin bater\u00edas).<\/p>\n<p>Equipo funcionando sin detalles, ofrecemos garant\u00eda.<\/p>\n<p>Pregunta por el servicio de instalaci\u00f3n y puesta en marcha.<\/p>\n<p>Tambi\u00e9n contamos con las bater\u00edas en nuestra tienda.<\/p>\n","protected":false},"excerpt":{"rendered":"<p>UPS MGE 120KVA<\/p>\n","protected":false},"featured_media":14,"comment_status":"open","ping_status":"closed","template":"","meta":[],"product_cat":[20,21],"product_tag":[24,23,22],"_links":{"self":[{"href":"https:\/\/www.ciarobotics.com\/store\/index.php\/wp-json\/wp\/v2\/product\/13"}],"collection":[{"href":"https:\/\/www.ciarobotics.com\/store\/index.php\/wp-json\/wp\/v2\/product"}],"about":[{"href":"https:\/\/www.ciarobotics.com\/store\/index.php\/wp-json\/wp\/v2\/types\/product"}],"replies":[{"embeddable":true,"href":"https:\/\/www.ciarobotics.com\/store\/index.php\/wp-json\/wp\/v2\/comments?post=13"}],"version-history":[{"count":0,"href":"https:\/\/www.ciarobotics.com\/store\/index.php\/wp-json\/wp\/v2\/product\/13\/revisions"}],"wp:featuredmedia":[{"embeddable":true,"href":"https:\/\/www.ciarobotics.com\/store\/index.php\/wp-json\/wp\/v2\/media\/14"}],"wp:attachment":[{"href":"https:\/\/www.ciarobotics.com\/store\/index.php\/wp-json\/wp\/v2\/media?parent=13"}],"wp:term":[{"taxonomy":"product_cat","embeddable":true,"href":"https:\/\/www.ciarobotics.com\/store\/index.php\/wp-json\/wp\/v2\/product_cat?post=13"},{"taxonomy":"product_tag","embeddable":true,"href":"https:\/\/www.ciarobotics.com\/store\/index.php\/wp-json\/wp\/v2\/product_tag?post=13"}],"curies":[{"name":"wp","href":"https:\/\/api.w.org\/{rel}","templated":true}]}}